{"id":285,"date":"2026-02-12T15:58:44","date_gmt":"2026-02-12T18:58:44","guid":{"rendered":"https:\/\/cenfap.com.br\/?page_id=285"},"modified":"2026-02-12T23:49:03","modified_gmt":"2026-02-13T02:49:03","slug":"quem-somos","status":"publish","type":"page","link":"https:\/\/cenfap.com.br\/?page_id=285","title":{"rendered":"Quem Somos"},"content":{"rendered":"<div data-colibri-id=\"285-c1\" class=\"style-361 style-local-285-c1 position-relative\">\n  <!---->\n  <div data-colibri-component=\"section\" data-colibri-id=\"285-c2\" id=\"about\" class=\"h-section h-section-global-spacing d-flex align-items-lg-center align-items-md-center align-items-center style-362 style-local-285-c2 position-relative\">\n    <!---->\n    <!---->\n    <div class=\"h-section-grid-container h-section-boxed-container\">\n      <!---->\n      <div data-colibri-id=\"285-c3\" class=\"h-row-container gutters-row-lg-0 gutters-row-md-0 gutters-row-0 gutters-row-v-lg-0 gutters-row-v-md-0 gutters-row-v-0 style-363 style-local-285-c3 position-relative\">\n        <!---->\n        <div class=\"h-row justify-content-lg-center justify-content-md-center justify-content-center align-items-lg-stretch align-items-md-stretch align-items-stretch gutters-col-lg-0 gutters-col-md-0 gutters-col-0 gutters-col-v-lg-0 gutters-col-v-md-0 gutters-col-v-0\">\n          <!---->\n          <div class=\"h-column h-column-container d-flex h-col-lg-auto h-col-md-auto h-col-auto style-364-outer style-local-285-c4-outer\">\n            <div data-colibri-id=\"285-c4\" class=\"d-flex h-flex-basis h-column__inner h-ui-empty-state-container h-px-lg-0 h-px-md-0 h-px-0 v-inner-lg-0 v-inner-md-0 v-inner-0 style-364 style-local-285-c4 position-relative\">\n              <!---->\n              <!---->\n              <div class=\"w-100 h-y-container h-column__content h-column__v-align flex-basis-100\">\n                <!---->\n              <\/div>\n            <\/div>\n          <\/div>\n          <div class=\"h-column h-column-container d-flex h-col-lg-auto h-col-md-auto h-col-auto style-365-outer style-local-285-c5-outer\">\n            <div data-colibri-id=\"285-c5\" class=\"d-flex h-flex-basis h-column__inner h-px-lg-2 h-px-md-2 h-px-2 v-inner-lg-2 v-inner-md-2 v-inner-2 style-365 style-local-285-c5 position-relative\">\n              <!---->\n              <!---->\n              <div class=\"w-100 h-y-container h-column__content h-column__v-align flex-basis-100 align-self-lg-start align-self-md-start align-self-start\">\n                <!---->\n                <div data-colibri-id=\"285-c6\" class=\"h-global-transition-all h-heading style-366 style-local-285-c6 position-relative h-element\">\n                  <!---->\n                  <div class=\"h-heading__outer style-366 style-local-285-c6\">\n                    <!---->\n                    <!---->\n                    <h5 class=\"\">O Cenfap<\/h5>\n                  <\/div>\n                <\/div>\n                <div data-colibri-id=\"285-c7\" class=\"h-global-transition-all h-heading style-367 style-local-285-c7 position-relative h-element\">\n                  <!---->\n                  <div class=\"h-heading__outer style-367 style-local-285-c7\">\n                    <!---->\n                    <!---->\n                    <h2 class=\"\">Capacita\u00e7\u00e3o que gera impacto!<\/h2>\n                  <\/div>\n                <\/div>\n                <div data-colibri-id=\"285-c8\" class=\"h-text h-text-component style-368 style-local-285-c8 position-relative h-element\">\n                  <!---->\n                  <!---->\n                  <div class=\"\">\n                    <p>O <strong>Centro de Forma\u00e7\u00e3o, Assessoria e Pesquisa Santa Maria Madalena<\/strong> \u00e9 uma institui\u00e7\u00e3o comprometida com a excel\u00eancia na forma\u00e7\u00e3o profissional, no desenvolvimento humano e na produ\u00e7\u00e3o de conhecimento. Atuamos com seriedade,\n                      responsabilidade e prop\u00f3sito, oferecendo capacita\u00e7\u00e3o, consultoria especializada e projetos de pesquisa voltados para a transforma\u00e7\u00e3o social e profissional.<\/p>\n                  <\/div>\n                <\/div>\n              <\/div>\n            <\/div>\n          <\/div>\n        <\/div>\n      <\/div>\n    <\/div>\n  <\/div>\n  <div data-colibri-component=\"section\" data-colibri-id=\"285-c12\" id=\"overlappable\" class=\"h-section h-section-global-spacing d-flex align-items-lg-center align-items-md-center align-items-center style-372 style-local-285-c12 position-relative\">\n    <!---->\n    <!---->\n    <div class=\"h-section-grid-container h-section-boxed-container\">\n      <!---->\n      <div data-colibri-id=\"285-c13\" class=\"h-row-container gutters-row-lg-0 gutters-row-md-0 gutters-row-2 gutters-row-v-lg-0 gutters-row-v-md-0 gutters-row-v-2 style-373 style-local-285-c13 position-relative\">\n        <!---->\n        <div class=\"h-row justify-content-lg-center justify-content-md-center justify-content-center align-items-lg-stretch align-items-md-stretch align-items-stretch gutters-col-lg-0 gutters-col-md-0 gutters-col-2 gutters-col-v-lg-0 gutters-col-v-md-0 gutters-col-v-2\">\n          <!---->\n          <div class=\"h-column h-column-container d-flex h-col-lg-3 h-col-md-3 h-col-12 style-374-outer style-local-285-c14-outer\">\n            <div data-colibri-id=\"285-c14\" class=\"d-flex h-flex-basis h-column__inner h-px-lg-3 h-px-md-3 h-px-2 v-inner-lg-3 v-inner-md-3 v-inner-2 style-374 style-local-285-c14 position-relative\">\n              <!---->\n              <!---->\n              <div class=\"w-100 h-y-container h-column__content h-column__v-align flex-basis-100 align-self-lg-center align-self-md-center align-self-center\">\n                <!---->\n                <div data-colibri-id=\"285-c15\" class=\"h-icon style-375 style-local-285-c15 position-relative h-element\">\n                  <!----><span class=\"h-svg-icon h-icon__icon style-375-icon style-local-285-c15-icon\"><!--Icon by Font Awesome (https:\/\/fontawesome.com)-->\n    <svg version=\"1.1\" xmlns=\"http:\/\/www.w3.org\/2000\/svg\" xmlns:xlink=\"http:\/\/www.w3.org\/1999\/xlink\" id=\"check-circle\" viewBox=\"0 0 1536 1896.0833\">\n      <path d=\"M1284 734q0-28-18-46l-91-90q-19-19-45-19t-45 19l-408 407-226-226q-19-19-45-19t-45 19l-91 90q-18 18-18 46 0 27 18 45l362 362q19 19 45 19 27 0 46-19l543-543q18-18 18-45zm252 162q0 209-103 385.5T1153.5 1561 768 1664t-385.5-103T103 1281.5 0 896t103-385.5T382.5 231 768 128t385.5 103T1433 510.5 1536 896z\"><\/path>\n    <\/svg><\/span><\/div>\n                <div data-colibri-id=\"285-c16\" class=\"h-global-transition-all h-heading style-376 style-local-285-c16 position-relative h-element\">\n                  <!---->\n                  <div class=\"h-heading__outer style-376 style-local-285-c16\">\n                    <!---->\n                    <!---->\n                    <h5 class=\"\">NOSSA&nbsp; MISS\u00c3O<\/h5>\n                  <\/div>\n                <\/div>\n                <div data-colibri-id=\"285-c17\" class=\"h-text h-text-component style-377 style-local-285-c17 position-relative h-element\">\n                  <!---->\n                  <!---->\n                  <div class=\"\">\n                    <p>Promover forma\u00e7\u00e3o qualificada, assessoria t\u00e9cnica especializada e desenvolvimento de pesquisas que gerem impacto positivo, inova\u00e7\u00e3o e crescimento sustent\u00e1vel.<\/p>\n                  <\/div>\n                <\/div>\n              <\/div>\n            <\/div>\n          <\/div>\n          <div class=\"h-column h-column-container d-flex h-col-lg-3 h-col-md-3 h-col-12 style-374-outer style-local-285-c18-outer\">\n            <div data-colibri-id=\"285-c18\" class=\"d-flex h-flex-basis h-column__inner h-px-lg-3 h-px-md-3 h-px-2 v-inner-lg-3 v-inner-md-3 v-inner-2 style-374 style-local-285-c18 position-relative\">\n              <!---->\n              <!---->\n              <div class=\"w-100 h-y-container h-column__content h-column__v-align flex-basis-100 align-self-lg-center align-self-md-center align-self-center\">\n                <!---->\n                <div data-colibri-id=\"285-c19\" class=\"h-icon style-375 style-local-285-c19 position-relative h-element\">\n                  <!----><span class=\"h-svg-icon h-icon__icon style-375-icon style-local-285-c19-icon\"><!--Icon by Font Awesome (https:\/\/fontawesome.com)-->\n    <svg version=\"1.1\" xmlns=\"http:\/\/www.w3.org\/2000\/svg\" xmlns:xlink=\"http:\/\/www.w3.org\/1999\/xlink\" id=\"eye\" viewBox=\"0 0 1792 1896.0833\">\n      <path d=\"M1664 960q-152-236-381-353 61 104 61 225 0 185-131.5 316.5T896 1280t-316.5-131.5T448 832q0-121 61-225-229 117-381 353 133 205 333.5 326.5T896 1408t434.5-121.5T1664 960zM944 576q0-20-14-34t-34-14q-125 0-214.5 89.5T592 832q0 20 14 34t34 14 34-14 14-34q0-86 61-147t147-61q20 0 34-14t14-34zm848 384q0 34-20 69-140 230-376.5 368.5T896 1536t-499.5-139T20 1029Q0 994 0 960t20-69q140-229 376.5-368T896 384t499.5 139T1772 891q20 35 20 69z\"><\/path>\n    <\/svg><\/span><\/div>\n                <div data-colibri-id=\"285-c20\" class=\"h-global-transition-all h-heading style-376 style-local-285-c20 position-relative h-element\">\n                  <!---->\n                  <div class=\"h-heading__outer style-376 style-local-285-c20\">\n                    <!---->\n                    <!---->\n                    <h5 class=\"\">NOSSA VIS\u00c3O<\/h5>\n                  <\/div>\n                <\/div>\n                <div data-colibri-id=\"285-c21\" class=\"h-text h-text-component style-377 style-local-285-c21 position-relative h-element\">\n                  <!---->\n                  <!---->\n                  <div class=\"\">\n                    <p>Ser refer\u00eancia regional e nacional em forma\u00e7\u00e3o, assessoria e pesquisa, reconhecida pela qualidade, \u00e9tica e compromisso com resultados.<\/p>\n                  <\/div>\n                <\/div>\n              <\/div>\n            <\/div>\n          <\/div>\n          <div class=\"h-column h-column-container d-flex h-col-lg-3 h-col-md-3 h-col-12 style-374-outer style-local-285-c22-outer\">\n            <div data-colibri-id=\"285-c22\" class=\"d-flex h-flex-basis h-column__inner h-px-lg-3 h-px-md-3 h-px-2 v-inner-lg-3 v-inner-md-3 v-inner-2 style-374 style-local-285-c22 position-relative\">\n              <!---->\n              <!---->\n              <div class=\"w-100 h-y-container h-column__content h-column__v-align flex-basis-100 align-self-lg-center align-self-md-center align-self-center\">\n                <!---->\n                <div data-colibri-id=\"285-c23\" class=\"h-icon style-375 style-local-285-c23 position-relative h-element\">\n                  <!----><span class=\"h-svg-icon h-icon__icon style-375-icon style-local-285-c23-icon\"><!--Icon by Icons8 Line Awesome (https:\/\/icons8.com\/line-awesome)--><svg version=\"1.1\" xmlns=\"http:\/\/www.w3.org\/2000\/svg\" xmlns:xlink=\"http:\/\/www.w3.org\/1999\/xlink\" id=\"bank\" viewBox=\"0 0 512 545.5\"><path d=\"M256 94.5l6 2.5 192 80 10 4.5V224h-32v176h32v80H48v-80h32V224H48v-42.5l10-4.5 192-80zm0 35L106 192h300zM112 224v176h32V224h-32zm64 0v176h32V224h-32zm64 0v176h32V224h-32zm64 0v176h32V224h-32zm64 0v176h32V224h-32zM80 432v16h352v-16H80z\"><\/path><\/svg><\/span><\/div>\n                <div\n                  data-colibri-id=\"285-c24\" class=\"h-global-transition-all h-heading style-376 style-local-285-c24 position-relative h-element\">\n                  <!---->\n                  <div class=\"h-heading__outer style-376 style-local-285-c24\">\n                    <!---->\n                    <!---->\n                    <h5 class=\"\">NOSSOS VALORES<\/h5>\n                  <\/div>\n              <\/div>\n              <div data-colibri-id=\"285-c25\" class=\"h-text h-text-component style-377 style-local-285-c25 position-relative h-element\">\n                <!---->\n                <!---->\n                <div class=\"\">\n                  <p>\u00c9tica e responsabilidade\n                    <br>Excel\u00eancia acad\u00eamica e t\u00e9cnica\n                    <br>Compromisso social\n                    <br>Transpar\u00eancia\n                    <br>Inova\u00e7\u00e3o\n                    <br>Respeito \u00e0s pessoas<\/p>\n                <\/div>\n              <\/div>\n            <\/div>\n          <\/div>\n        <\/div>\n        <div class=\"h-column h-column-container d-flex h-col-lg-3 h-col-md-3 h-col-12 style-378-outer style-local-285-c26-outer\">\n          <div data-colibri-id=\"285-c26\" class=\"d-flex h-flex-basis h-column__inner h-px-lg-3 h-px-md-3 h-px-2 v-inner-lg-3 v-inner-md-3 v-inner-2 style-378 style-local-285-c26 position-relative\">\n            <!---->\n            <!---->\n            <div class=\"w-100 h-y-container h-column__content h-column__v-align flex-basis-100 align-self-lg-center align-self-md-center align-self-center\">\n              <!---->\n              <div data-colibri-id=\"285-c27\" class=\"h-icon style-375 style-local-285-c27 position-relative h-element\">\n                <!----><span class=\"h-svg-icon h-icon__icon style-375-icon style-local-285-c27-icon\"><!--Icon by Font Awesome (https:\/\/fontawesome.com)-->\n    <svg version=\"1.1\" xmlns=\"http:\/\/www.w3.org\/2000\/svg\" xmlns:xlink=\"http:\/\/www.w3.org\/1999\/xlink\" id=\"rocket\" viewBox=\"0 0 1664 1896.0833\">\n      <path d=\"M1440 448q0-40-28-68t-68-28-68 28-28 68 28 68 68 28 68-28 28-68zm224-288q0 249-75.5 430.5T1335 951q-81 80-195 176l-20 379q-2 16-16 26l-384 224q-7 4-16 4-12 0-23-9l-64-64q-13-14-8-32l85-276-281-281-276 85q-3 1-9 1-14 0-23-9l-64-64q-17-19-5-39l224-384q10-14 26-16l379-20q96-114 176-195 188-187 358-258t431-71q14 0 24 9.5t10 22.5z\"><\/path>\n    <\/svg><\/span><\/div>\n              <div data-colibri-id=\"285-c28\" class=\"h-global-transition-all h-heading style-376 style-local-285-c28 position-relative h-element\">\n                <!---->\n                <div class=\"h-heading__outer style-376 style-local-285-c28\">\n                  <!---->\n                  <!---->\n                  <h5 class=\"\">O que Oferecemos<\/h5>\n                <\/div>\n              <\/div>\n              <div data-colibri-id=\"285-c29\" class=\"h-text h-text-component style-377 style-local-285-c29 position-relative h-element\">\n                <!---->\n                <!---->\n                <div class=\"\">\n                  <p>\n                    <img decoding=\"async\" draggable=\"false\" role=\"img\" class=\"emoji\" alt=\"\u2714\" src=\"https:\/\/s.w.org\/images\/core\/emoji\/17.0.2\/svg\/2714.svg\"> Treinamentos personalizados\n                    <br>\n                    <img decoding=\"async\" draggable=\"false\" role=\"img\" class=\"emoji\" alt=\"\u2714\" src=\"https:\/\/s.w.org\/images\/core\/emoji\/17.0.2\/svg\/2714.svg\"> Assessoria t\u00e9cnica especializada\n                    <br>\n                    <img decoding=\"async\" draggable=\"false\" role=\"img\" class=\"emoji\" alt=\"\u2714\" src=\"https:\/\/s.w.org\/images\/core\/emoji\/17.0.2\/svg\/2714.svg\"> Consultorias para institui\u00e7\u00f5es p\u00fablicas e privadas<span style=\"font-weight: 400; font-size: 16px; font-family: &quot;Open Sans&quot;; color: rgb(23, 37, 42);\"><br><\/span><\/p>\n                <\/div>\n              <\/div>\n            <\/div>\n          <\/div>\n        <\/div>\n      <\/div>\n    <\/div>\n  <\/div>\n<\/div>\n<\/div>","protected":false},"excerpt":{"rendered":"<p>O Cenfap Capacita\u00e7\u00e3o que gera impacto! O Centro de Forma\u00e7\u00e3o, Assessoria e Pesquisa Santa Maria Madalena \u00e9 uma institui\u00e7\u00e3o comprometida com a excel\u00eancia na forma\u00e7\u00e3o profissional, no desenvolvimento humano e na produ\u00e7\u00e3o de conhecimento. Atuamos com seriedade, responsabilidade e prop\u00f3sito, oferecendo capacita\u00e7\u00e3o, consultoria especializada e projetos de pesquisa voltados para a transforma\u00e7\u00e3o social e profissional. [&hellip;]<\/p>\n","protected":false},"author":1,"featured_media":0,"parent":0,"menu_order":0,"comment_status":"closed","ping_status":"closed","template":"page-templates\/full-width-page.php","meta":{"footnotes":""},"class_list":["post-285","page","type-page","status-publish","hentry"],"_links":{"self":[{"href":"https:\/\/cenfap.com.br\/index.php?rest_route=\/wp\/v2\/pages\/285","targetHints":{"allow":["GET"]}}],"collection":[{"href":"https:\/\/cenfap.com.br\/index.php?rest_route=\/wp\/v2\/pages"}],"about":[{"href":"https:\/\/cenfap.com.br\/index.php?rest_route=\/wp\/v2\/types\/page"}],"author":[{"embeddable":true,"href":"https:\/\/cenfap.com.br\/index.php?rest_route=\/wp\/v2\/users\/1"}],"replies":[{"embeddable":true,"href":"https:\/\/cenfap.com.br\/index.php?rest_route=%2Fwp%2Fv2%2Fcomments&post=285"}],"version-history":[{"count":5,"href":"https:\/\/cenfap.com.br\/index.php?rest_route=\/wp\/v2\/pages\/285\/revisions"}],"predecessor-version":[{"id":314,"href":"https:\/\/cenfap.com.br\/index.php?rest_route=\/wp\/v2\/pages\/285\/revisions\/314"}],"wp:attachment":[{"href":"https:\/\/cenfap.com.br\/index.php?rest_route=%2Fwp%2Fv2%2Fmedia&parent=285"}],"curies":[{"name":"wp","href":"https:\/\/api.w.org\/{rel}","templated":true}]}}